7*t + 2. Let r(j) = j**3 + 10*j**2 + 9*j + 15. Let l be r(-9). Suppose -5*k + l = -m, 2*m = -2*m. Let y be ((-1)/k)/(2/(-42)). Give u(y).
2
Let f(r) = 24*r**3 - 19*r**2 - 8*r + 45. Let n(j) = -17*j**3 + 13*j**2 + 5*j - 30. Let h(t) = -5*f(t) - 7*n(t). Determine h(4).
5
Let x(t) = -t + 6. Let h(m) = 2*m - 5. Let d(c) = 5*h(c) + 4*x(c). Let l = -49 + 43. Let a(k) = k**3 + 5*k**2 - 2*k + 23. Let g be a(l). Calculate d(g).
-7
Let v(d) = -d**2 + 8*d + 2. Let j(i) be the third derivative of -1/4*i**5 + 13/6*i**3 - 40*i**2 + 0*i - 1/60*i**6 + 0 - 1/4*i**4. Let a be j(-7). Give v(a).
14
Let r(o) = -18*o + 151. Let c be r(8). Let d(u) = 6*u - 38. Calculate d(c).
4
Let w(r) = 14*r**2 - 1. Suppose 5*b = -u - 0*b + 5, -5*u - b + 1 = 0. Let t be (-31)/(-93) + 42/9. Suppose 9*c - t*c - 4 = u. Give w(c).
13
Let r(b) = -4*b - 1. Suppose -213*j + 220*j = 21. Let a(m) = -3*m**2 + 11*m + 1. Let f be a(j). Calculate r(f).
-29
Let q(l) = -l - 4. Let a be (9/15)/((-1)/(-5)). Let p(k) = a - k**2 + 7*k - 10 + 7. Let x be p(7). Calculate q(x).
-4
Let w(h) be the second derivative of h**3/6 + 3*h**2 - h - 16. Let m = 31 + -31. Suppose -21 = 3*k - m*k. Give w(k).
-1
Let u(o) = o**3 + 6*o**2 - 3*o + 33. Let l be u(-7). Let t(m) = 14*m**3 - 27*m**3 - 3*m**2 + l*m + 12*m**3 + 6. Determine t(-4).
2
Let q be -18 + (-40 - -24) - -35. Let u(w) be the first derivative of 0*w**3 - 2 + 3/2*w**4 - 1/2*w**2 + w. What is u(q)?
6
Let m(i) = -2*i**3 - i**2 - 3*i. Let r(f) = -3*f**3 + 6*f**2 - 2*f - 5. Let a(z) = -m(z) + r(z). Let p be (-2)/6*-3 - 2. Let q be (3 + p + 5)/1. Give a(q).
2
Let p(g) = 4*g**3 + 33*g**2 + 26*g - 240. Let v(l) = -l**3 - 9*l**2 - 7*l + 60. Let k(i) = 2*p(i) + 9*v(i). Give k(-14).
18
Let r(c) be the second derivative of c**3/6 + 5*c**2 + 1161*c. Calculate r(-4).
6
Let y(p) = p**3 - 2*p**2 - 99*p - 14. Let v be y(-9). Let t(u) = -u**2 - 14*u - 2. Determine t(v).
-2
Let m(f) = -f**2 - f + 6. Let s be m(0). Let r(p) = -6 - 4895*p**2 + 9792*p**2 - 4896*p**2 + 14 - 9*p. Calculate r(s).
-10
Let y(g) = g + 4. Suppose -4*c + 5*a = -24 + 6, 5*a + 12 = c. Let v(f) = 7 - 12 + 4 + 18 - 11*f. Let n be v(c). What is y(n)?
-1
Let l = 1471 + -1465. Let q(f) = -f**3 + 4*f**2 - 4*f + 12. What is q(l)?
-84
Let k(m) = m**3 - m - 7. Let c(p) = 3*p**3 + 8*p**2 - 13*p - 25. Let l(n) = c(n) - 4*k(n). Determine l(4).
31
Let d(r) = r**3 - 6*r**2 - 8*r + 10. Let v be d(7). Let m(f) be the third derivative of -f**4/4 + f**3/3 + 14*f**2 + 112*f. What is m(v)?
-16
Let i = 63 + -62. Let t be 1/1 + (3 - i). Let v(p) = 2 - p + 3*p - t - 3*p. What is v(-3)?
2
Suppose -188*t + 54 = 242. Let c(f) = f**3 - f. Let k(x) = -4*x**3 + 6*x + 1. Let y(w) = -5*c(w) - k(w). Give y(t).
1
Let g(p) = -p**2 + 3*p + 5. Let l(b) = -22*b - 606. Let x be l(-29). Suppose 0 = z + 4*v - 3*v + 29, -3*v = -4*z - 109. Let f = z + x. What is g(f)?
1
Let a(x) = -361*x - 11*x**2 + x**3 - 35 + 192*x + 185*x - x**2 + 2*x**2. What is a(8)?
-35
Suppose -3*x = -0*x + 6. Let h(w) = -22*w**2 - 3*w - 1. Let k(m) = -15*m**2 - 2*m - 1. Suppose -6*i = 2*i + 56. Let s(a) = i*k(a) + 5*h(a). What is s(x)?
-16
Let n(j) be the first derivative of 3*j**4/4 + 64*j**3/3 - 22*j**2 - 5*j - 10929. What is n(-22)?
-5
Let d(p) = -7*p**2 - 19*p. Let w(u) = -8*u**2 - 28*u - 2. Let n(m) = 17*m**2 + 56*m + 3. Let x(s) = -3*n(s) - 5*w(s). Let h(a) = -8*d(a) + 5*x(a). Give h(-7).
-30
Suppose 0 = -4*p - 6 - 2. Let q be -1 + p - -3*2. Let g(i) = q*i - 4*i + 5 + 1 - 4. Give g(3).
-1
Let x(h) = -h**3 - 3*h**2 - 2*h + 5. Let g be x(-2). Suppose 0 = g*n - 9*n + 8. Let v(j) = -j**3 + 2*j - 2. Give v(n).
-6
Let x(y) = -y + 25. Suppose -5*b = 5*h - 130, 2*h - 88 = b - 105. Calculate x(b).
2
Let j be (30/8)/(365/292). Let i(v) be the first derivative of -j*v + 9/2*v**2 - 5. Determine i(3).
24
Let p = -70 + 70. Let m(k) be the third derivative of -15*k**2 - 2/3*k**3 + p + 0*k - 1/12*k**4. What is m(-7)?
10
Suppose -q = k + 8, -4*q = 3*k + 9 + 17. Suppose -2*o = 2*o + j - 7, -o = 4*j - 13. Let f(p) = -p**2 - 4 + 0 - 7*p - o. Give f(k).
1
Let v(i) = -3*i**2 + 77*i - 333. Let s be v(20). Let a(p) be the third derivative of -1/24*p**4 + p**3 + 0*p - 2*p**2 + 0. Determine a(s).
-1
Let u(w) = -w**2 - 3*w + 2. Let z(i) = 18*i - 64. Let f be z(9). Suppose -f = -3*p + 4*h, 3*h + h - 38 = -p. Suppose -41*t + p*t = 28. Determine u(t).
-2
Let i be (-8 - 0)/(-3 + 4). Let v(q) be the first derivative of q**2/2 + 12*q - 156. What is v(i)?
4
Let v(f) = f**2 - 2*f + 3. Let t = 60 + -2. Let n = -50 + t. Let x = n - 5. Calculate v(x).
6
Let v(w) be the second derivative of -w**5/20 + 2*w**3/3 - 104*w**2 - 201*w. Let q(i) be the first derivative of v(i). Calculate q(-3).
-23
Let b(o) = 5*o. Let f be ((-2)/(-2))/((-2)/(-146)). Suppose 0 = 66*a - f*a + 21. Determine b(a).
15
Let c be ((-4)/(-8))/(639/54 - 12). Let r(g) = -g**2 + 14*g + 50. Determine r(c).
-1
Let o be ((-14)/(-21))/(2/15). Suppose -o*z - 4*s = -7, 3*z - 5*s - 7 = 12. Let h(c) = -7*c - 9 + c + 10 + 2*c**2 - 6*c**2 + c**z. Calculate h(5).
-4
Let j = -46 + 28. Let c be (9/j)/(1/2). Let o(k) = 11 - 12 + 2*k - 8*k - 9*k. Calculate o(c).
14
Let w(m) = -4*m**2 - 19*m + 69. Suppose -682*t = 3110 + 2660 - 996. Determine w(t).
6
Let y(v) be the third derivative of 260*v**2 + 1/120*v**6 + 0 - 7/60*v**5 + 1/12*v**4 + 0*v + 17/6*v**3. Calculate y(6).
-7
Let s(b) be the third derivative of b**4/8 - 2*b**3/3 - 5*b**2. Suppose -5*k = 27*r - 26*r - 20, -k + 5*r = 22. What is s(k)?
5
Let o(s) be the second derivative of -s**6/360 + s**5/10 - 5*s**4/6 + s**3/6 + 41*s - 2. Let r(h) be the third derivative of o(h). Determine r(9).
-6
Let p(i) be the first derivative of 5*i**4/4 - i**3/3 + i**2/2 - i - 2. Suppose -5*j - 3*t = -22, -t + 14 = -4*j + 9*j. Suppose 112*s = 114*s - j. What is p(s)?
4
Let d(w) = -3*w**2 - 105*w - 1. Suppose 0*i + 8*i = -7 - 273. Determine d(i).
-1
Let w(d) = -3*d**2 + 18*d + 17. Let z be w(7). Let m(p) = 11*p**2 + 4*p + 20. Let f(k) = -10*k**2 - 3*k - 16. Let h(y) = z*m(y) - 5*f(y). What is h(-1)?
7
Let o(s) = s**2 + 23*s + 26. Suppose 1776 - 808 = -44*i. Give o(i).
4
Let j(v) = 3*v**3 + 9*v**2 + 10*v - 146. Let a(o) = 5*o**3 + 14*o**2 + 16*o - 220. Let b(k) = 5*a(k) - 8*j(k). Determine b(0).
68
Let b(g) = -3*g - 26. Let r(w) = w + 9. Let p(z) = -3*z + 82. Let v be p(33). Let t(y) = v*r(y) - 6*b(y). Determine t(5).
8
Let u(c) = -c - 11. Let k = 26 - 22. Suppose 4*b = k*w + 152, -3*w - 93 - 56 = 4*b. Let n = w - -37. Calculate u(n).
-5
Suppose -3*i - 6 = -0*i. Let y(a) = 195 + 195 + 198 + 197 + 3*a - 779. Let l(t) = -3*t - 5. Let h(u) = i*y(u) - 3*l(u). Give h(-2).
-3
Let p = -27 + 23. Let g(o) = o**2 + o. Let b(r) = -5*r**2 + 3*r - 5. Let a(i) = p*g(i) - b(i). Let l be a(6). Let j(w) = -7*w. What is j(l)?
7
Let l = -5373 - -5379. Let g(x) = -2*x**3 + 13*x**2 - 7*x - 6. Determine g(l).
-12
Let v(c) = 3*c**2 - 9*c - 18. Let n be v(4). Let r be (288/(-8))/n - (-2 - -4). Let u(l) = l**2 - 6*l - 2. Give u(r).
-10
Let p(v) be the third derivative of v**5/30 - 7*v**4/12 + 35*v**3/6 + 3374*v**2. Give p(3).
11
Let x = 170 + -107. Suppose 0 = m - 3, -2*m + x = -4*w - 87. Let j = w - -33. Let c(u) = u - 1. Give c(j).
-4
Suppose 16*g + 9*g = 13*g - 24. Let h(j) = -12*j + 2. Give h(g).
26
Let p(t) = 377*t - 21. Let d(b) = 25*b - 2. Let y(s) = 15*d(s) - p(s). Determine y(1).
-11
Let f be 1 - (-87)/(-3) - (-64 - -71). Let k(j) = 2*j**2 + 71*j + 30. Calculate k(f).
-5
Let b(x) = -14*x + 23. Let k be b(2). Let s(o) = 5. Let h(f) = f + 3. Let y(l) = k*h(l) + 4*s(l). Give y(2).
-5
Suppose 600*k - 1668 = -276 + 1008. Let h(q) be the second derivative of q**5/20 - q**4/4 - q**3/2 + 2*q**2 - 2*q. Give h(k).
8
Let m(z) = 5*z**2 - 14*z + 2. Let s(n) = n**2 - n - 1. Let a(d) = -m(d) + 6*s(d). Let k(p) = p**3 - 24*p**2 - 51*p - 35. Let c be k(26). Calculate a(c).
1
Let x(g) = 8*g - 50. Let j(t) = -12*t + 79. Let b(y) = 5*j(y) + 8*x(y). What is b(-7)?
-33
Suppose 4*a + 78 = 58. Let f be 2/(a/30*3). Let r(t) = t**3 + 4*t**2 - 2*t + 2. Give r(f).
10
Let m be 2 + (-26)/((-26)/(-11)). Let r(a) = a + 39. Calculate r(m).
30
Let k(n) = -n**3 + 4*n**2 + n + 2. Suppose 4*q + 36 = 5*q. Let l = q + -34. Suppose 6 = p + l. Give k(p).
6
Let d(t) = -8*t - 3. Suppose -3*i + 182 = 5*k, 6*k - 4*i - 18 = 5*k. Suppose 14*q + k - 6 = 0. Give d(q).
13
Let 